h be ((-3)/(-9))/(n/(-18)). What are the prime factors of -2 - h - (-102)/1?
103
Let u(q) = 236*q + 5. Let t(v) = -79*v - 2. Let l(b) = 17*t(b) + 6*u(b). What are the prime factors of l(2)?
2, 71
Suppose 0 = 7*l - 54644 + 2396. List the prime factors of (1/(-3))/((-8)/l).
311
Suppose -n = 63*n - 150004 - 152396. What are the prime factors of n?
3, 5, 7
Let w(x) = 2*x**2 - 11*x - 30. Let a be w(-12). Suppose -a = 3*f + 153. Let d = f + 364. What are the prime factors of d?
3, 61
Let w(x) = -10*x - 1. Let g be w(-1). Suppose -g*s = -s. List the prime factors of (s - -4)*11/(44/63).
3, 7
Let u = -2465 + 4275. Suppose 3*n + 9 = 0, 1046 = 4*g + 4*n - u. List the prime factors of g.
3, 239
Suppose 5*x + 3 = -2. Let t = x - -3. List the prime factors of ((-1)/(-3))/(t + 118/(-60)).
2, 5
Let w(r) = -35*r + 29. Let s be w(3). Let m = 241 + s. What are the prime factors of m?
3, 5, 11
Suppose 0 = -5*n - 11*h + 10*h + 151458, 3*n - 90838 = 4*h. What are the prime factors of n?
2, 5, 13, 233
Let w = -845 + 860. Suppose 5*p - 9690 = -5*r, 4*p - w*r = -14*r + 7752. What are the prime factors of p?
2, 3, 17, 19
Suppose 54*x - 24 = 48*x. Suppose -x*t = -4*r - 1796, -11*t + 15*t - 2*r = 1794. What are the prime factors of t?
2, 7
Suppose -2*d + 2017 = 4*q - 227, -3*q = -12. What are the prime factors of -6 + (7 - d)/(-3)?
3, 11
Let o(d) = -11*d - 38. Let m be (-91)/(-14)*(0 + -2). What are the prime factors of o(m)?
3, 5, 7
Let i be (-225)/(-4) + (-11)/44. Let s = i + -16. Let c = s + 8. List the prime factors of c.
2, 3
Let h(t) = 41*t**3 - 8 + 4 - t - t + 6. Suppose 0 = -3*b - 5*s + 3, 1 = -3*b + 4*s + 4. List the prime factors of h(b).
41
Let x = 28063 + -11828. What are the prime factors of x?
5, 17, 191
Let d be (217 + (-3 - -2))*70/6. Let j = d + -1314. List the prime factors of j.
2, 3, 67
Let q = -9751 + 15150. What are the prime factors of q?
5399
List the prime factors of (2 - (-10)/(-4))*2134896/(-632).
3, 563
Let p be (-9)/27*5/(15/(-18)). Suppose 0 = 14*z + p*z - 2032. Suppose -4*u = -3*u - z. List the prime factors of u.
127
Suppose -22364 - 17306 = -5*t - 15*s, -2*t + 3*s = -15913. What are the prime factors of t?
7949
Suppose -4*l = -0*l, -2*l + 460 = 5*n. Suppose 85*j = n*j - 1582. What are the prime factors of j?
2, 113
Suppose -72*c + 76*c = -364. Let t = c - -378. List the prime factors of t.
7, 41
List the prime factors of -4*(-8 - (-2 + 172625/20)).
34549
Let u = 8647 + -4764. What are the prime factors of u?
11, 353
Let f = -2305 - -2309. Let y(j) be the second derivative of j**4/2 - 5*j**3/6 - 9*j**2/2 + j. What are the prime factors of y(f)?
67
Suppose -338 = -14*y - 16. Suppose 3*q - y = -14. Suppose -2*z + 626 = 4*f, f - q*z = -4*z + 154. What are the prime factors of f?
3, 53
Suppose 2*s + p + 3 = 19, -s - 5*p = -26. Let m = s - 5. List the prime factors of m/(22/(-4)) + 10030/110.
7, 13
Let j(n) = 8287*n**3 - 4*n**2 - 19*n + 23. List the prime factors of j(1).
8287
Let z(i) = i**2 - 18*i + 65. Let h(d) = 19*d - 69. Let t(r) = 2*h(r) + 3*z(r). List the prime factors of t(12).
3, 11
Let z(f) = 147*f - 74. Let a be z(-16). Let v = 3542 + a. List the prime factors of v.
2, 3, 31
Let m(p) be the second derivative of -55*p**3/3 + 8*p**2 - 10*p. Let q be m(3). Let v = q - -507. List the prime factors of v.
193
Suppose -20 - 3 = -5*x + 2*d, x + 3*d - 8 = 0. Suppose 4*a + n + 4 = -n, -x*n - 10 = -4*a. Suppose a = 2*f, 2*y = 2*f - f + 156. List the prime factors of y.
2, 3, 13
Let h(j) = 11751*j**2 - j + 2. List the prime factors of h(1).
2, 13, 113
Let n = 51 + -51. Suppose 3*f - 3*d - 245 - 79 = n, 5*f + 3*d - 572 = 0. Suppose -2*z + f = -138. What are the prime factors of z?
5
Let m be (40/(-16))/(1/(-2)). Suppose v - m*i = 4*v - 127, -4*v = -4*i - 116. Suppose -v = -2*j - 4*r, 3*r - 22 = -3*j + 32. List the prime factors of j.
19
Let j(s) = -s**3 + s**2 + 9*s + 16873. List the prime factors of j(0).
47, 359
Let n = -120 - -126. Let q(l) = 38*l + 28. List the prime factors of q(n).
2
Suppose 0 = 2*s + r + 45, 5*r = 5*s + r + 145. Let w = -4 - s. Suppose 4*k + 2*c - w = -3, 3 = -3*c. What are the prime factors of k?
5
Suppose -3*c = -12, 54*k - 51*k = -5*c + 116528. What are the prime factors of k?
2, 7, 19, 73
Suppose -5*f - 2*z = -18927, 208*f + z + 11354 = 211*f. What are the prime factors of f?
5, 757
Let k(r) = 5*r - 29. Let v be k(7). List the prime factors of 2/v*4 - 15380/(-30).
2, 257
Let k(i) = 0*i**2 + 23 - 2*i**2 + 0*i**2 + 5*i + 3*i**2 + 47. What are the prime factors of k(-22)?
2, 3, 37
Let g = 3847 + 4604. What are the prime factors of g?
3, 313
Let w(c) = 11*c**2 + 7*c. Let o be w(-7). Let s = 414 - 762. Let k = o + s. List the prime factors of k.
2, 71
Suppose -5*i - 290 = -0*i. Let k = -65 - i. What are the prime factors of 3 + k + 4 + 79?
79
Suppose t = -7*o + 3*o + 2239, 0 = -5*t - o + 11290. What are the prime factors of t?
3, 251
Let w be (-2 - 2) + -1 + -53. Let n = w + -65. Let f = n - -275. What are the prime factors of f?
2, 19
Suppose -5*d - 5082 = -v - 7*d, 3*v + 5*d = 15249. What are the prime factors of v?
2, 3, 53
Let j(l) = -4*l**2 - 2*l**3 + 7*l**2 + 20*l**2 + 3*l**3 - 17*l + 41. Let u be j(-17). What are the prime factors of (1 - 0)/(16/u)?
3, 43
Let i(o) = 16*o + 83. Let d be i(-5). Suppose -d*u + 1059 = -489. List the prime factors of u.
2, 3, 43
Suppose 2*z + 4*y - 6 = z, z - 2*y = 0. Suppose 0 = 2*m + 2*b + z - 8, 0 = 5*m + 3*b - 21. Let p(l) = 4*l - 4. What are the prime factors of p(m)?
2, 5
What are the prime factors of (54/(-135))/(4/(-28300))?
2, 5, 283
Suppose 3*w - 6*w = -45. Suppose 6*g + w = g. What are the prime factors of (261 + g)/(4/(3 - 1))?
3, 43
Let k(d) = -3*d + 19. Let t be k(5). Suppose 2*i = 2*a - 8, -2*a - 3*i = a + 6. List the prime factors of (a - 45/t)*-8.
2, 41
Let y(w) be the second derivative of 3*w**4/2 + 2*w**2 - 9*w. Let z be y(3). Suppose -26 = r - z. What are the prime factors of r?
2, 5, 7
Suppose -4*l + 2*p - 6 = 0, -p = 2*p - 9. List the prime factors of (l - (-266)/(-8))/((-4)/16).
7, 19
Let d be 3*(-4)/18*2979/6. Let c = d - -514. List the prime factors of c.
3, 61
Let d = 90 - 88. Suppose d*t - 192 = 3*r + 474, 0 = -5*r + 10. What are the prime factors of t?
2, 3, 7
Suppose 0 = -2*l - 4*r - 13 + 1, 2 = 3*l + 2*r. Suppose 368 = 5*i + 5*x - 202, 0 = l*i + 5*x - 454. List the prime factors of i.
2, 29
Let c be ((-77)/14)/(-11)*-1*88. What are the prime factors of c/(-44)*(576 - 0)?
2, 3
Suppose -5*t - 11344 = -5*j - 36479, 3*j + 20104 = 4*t. List the prime factors of t.
5023
Let n be (-12)/(-2)*(-41)/(-3). Let b = 1759 + -1751. Suppose 0 = p - n - b. List the prime factors of p.
2, 3, 5
Suppose 118*a - 115*a - 12 = 0, 0 = 5*v - 5*a - 27290. What are the prime factors of v?
2, 2731
Suppose -3*p + 623 = -5*x, 0 = -0*x - x + 3*p - 127. Let a = 240 + x. Suppose -3*k = -15, 2*g - a = -3*k + 101. List the prime factors of g.
101
Let i = -41940 - -61800. What are the prime factors of i?
2, 3, 5, 331
Suppose 2*c = -0*c - 6, -c - 3 = -2*m. Let n(d) = 2*d**2 + 12*d + 4. Let y be n(3). Suppose m = k + 24 - y. List the prime factors of k.
2, 17
Suppose 42*a - 15*a + 65*a = 105616. List the prime factors of a.
2, 7, 41
Let a(b) = 8*b - 39. Let x be a(4). Let d(y) = -y**3 + 8*y + 4. List the prime factors of d(x).
3, 97
Let v = -576 - -74. Let m = v + 809. What are the prime factors of m?
307
Let x = -5019 - -5987. List the prime factors of x.
2, 11
Suppose -c + 6469 = -4*u + 228, -2*c = -5*u - 12497. What are the prime factors of c?
3, 2087
Suppose -15 + 80 = 5*k. Suppose k*w - 6*w - 1232 = 0. Suppose -2*b - 2*b = -w. List the prime factors of b.
2, 11
List the prime factors of ((-132720)/25 + 12)/((-9)/30).
2, 2207
Suppose -3*s + 212 = 4*j, 0 = 4*s - 7*j + 2*j - 293. Let v = s - 68. Suppose -3*f + 344 = 2*l + 102, -v*f + 321 = 3*l. List the prime factors of f.
2, 3, 7
Let x(q) = 7231*q**2 - 795*q + 2382. List the prime factors of x(3).
2, 3, 11, 17, 29
Let q(n) = n**3 + 37*n**2 - 42*n - 91. Let r be q(-38). What are the prime factors of (0 - -171) + -62 + r?
2, 5, 17
Let z(p) = 11*p - 19. Let g be z(1). What are the prime factors of g/6*(-5 + (-141)/6)?
2, 19
Let m = -653 - -657. Suppose -4*y + 3198 = 13*s - 15*s, -m*y = -4*s - 3208. List the prime factors of y.
797
Let a = 